st the prime factors of 210701366.
2, 17, 6197099
What are the prime factors of 1751141785?
5, 179, 1956583
What are the prime factors of 365556202?
2, 11, 17, 151, 6473
List the prime factors of 235616092.
2, 43, 1369861
What are the prime factors of 23121334?
2, 433, 26699
What are the prime factors of 3058675802?
2, 7, 13, 17, 988583
List the prime factors of 1428835778.
2, 714417889
What are the prime factors of 376556341?
7, 17, 41, 113, 683
What are the prime factors of 425984201?
425984201
List the prime factors of 3158531087.
3158531087
What are the prime factors of 65667921?
3, 11, 23, 241, 359
What are the prime factors of 119906631?
3, 13, 1024843
List the prime factors of 28530221.
28530221
List the prime factors of 3585533625.
3, 5, 31, 102811
What are the prime factors of 132833742?
2, 3, 22138957
List the prime factors of 55976806.
2, 27988403
What are the prime factors of 112179126?
2, 3, 18696521
List the prime factors of 97940267.
41, 691, 3457
What are the prime factors of 397312759?
397312759
What are the prime factors of 133749065?
5, 26749813
List the prime factors of 788286577.
13, 60637429
List the prime factors of 543638229.
3, 41, 4419823
List the prime factors of 30902922.
2, 3, 29, 53, 1117
What are the prime factors of 529773054?
2, 3, 41, 53, 179, 227
List the prime factors of 30538454.
2, 15269227
What are the prime factors of 203648181?
3, 11, 6171157
What are the prime factors of 27238862?
2, 7, 17, 193, 593
List the prime factors of 84305621.
107, 787903
What are the prime factors of 54293051?
19, 103, 27743
List the prime factors of 885474429.
3, 7, 29, 137, 10613
List the prime factors of 5372703342.
2, 3, 298483519
List the prime factors of 1279171212.
2, 3, 11, 59, 164249
What are the prime factors of 916660633?
7, 113, 1158863
List the prime factors of 739595.
5, 147919
What are the prime factors of 138587827?
7, 1367, 2069
List the prime factors of 216637930.
2, 5, 101, 191, 1123
What are the prime factors of 40165005?
3, 5, 1321, 2027
What are the prime factors of 66394420?
2, 5, 181, 18341
What are the prime factors of 295943339?
295943339
What are the prime factors of 675401377?
7, 193, 499927
What are the prime factors of 3375743?
7, 107, 4507
What are the prime factors of 1054216352?
2, 7, 29, 162287
List the prime factors of 320708959.
421, 761779
What are the prime factors of 279484768?
2, 8733899
What are the prime factors of 82316033?
59, 1395187
What are the prime factors of 55348358?
2, 13, 2128783
What are the prime factors of 393762041?
17, 23162473
What are the prime factors of 262096874?
2, 13, 10080649
List the prime factors of 279178562.
2, 13, 10737637
List the prime factors of 5818873658.
2, 13, 109, 2053237
List the prime factors of 74227340.
2, 5, 11, 337397
What are the prime factors of 20793258?
2, 3, 19, 163, 373
List the prime factors of 21181443.
3, 47, 150223
What are the prime factors of 29725279?
29725279
List the prime factors of 17979024.
2, 3, 7, 73, 733
What are the prime factors of 135208672?
2, 29, 367, 397
What are the prime factors of 4558455929?
43, 251, 422353
List the prime factors of 59909876.
2, 13, 1152113
List the prime factors of 187462209.
3, 11, 41, 349, 397
List the prime factors of 283087914.
2, 3, 1277, 36947
List the prime factors of 260119560.
2, 3, 5, 29, 74747
List the prime factors of 40172332.
2, 83, 121001
List the prime factors of 25289035.
5, 1187, 4261
What are the prime factors of 1314424023?
3, 11, 67, 113, 5261
List the prime factors of 21573799.
13, 17, 31, 47, 67
List the prime factors of 1015603297.
89, 11411273
What are the prime factors of 106281309?
3, 35427103
List the prime factors of 15298524.
2, 3, 141653
List the prime factors of 428419283.
421, 1017623
List the prime factors of 182518095.
3, 5, 12167873
List the prime factors of 886378943.
53, 4027, 4153
What are the prime factors of 3638086660?
2, 5, 13, 101, 10657
List the prime factors of 2728079915.
5, 11, 4509223
List the prime factors of 102249871.
4447, 22993
What are the prime factors of 830965537?
173, 433, 11093
List the prime factors of 4161105749.
4161105749
List the prime factors of 68480456.
2, 11, 778187
What are the prime factors of 4016540494?
2, 2008270247
List the prime factors of 3792918342.
2, 3, 277, 2282141
List the prime factors of 281749923.
3, 7, 13, 344017
What are the prime factors of 181491228?
2, 3, 211, 23893
List the prime factors of 126016495.
5, 11, 17, 134777
List the prime factors of 111070283.
111070283
What are the prime factors of 339170505?
3, 5, 2621, 8627
What are the prime factors of 1840943923?
7, 13, 17, 53, 22453
List the prime factors of 29673055.
5, 5934611
What are the prime factors of 4672921?
11, 424811
What are the prime factors of 88538840?
2, 5, 13, 170267
What are the prime factors of 1005246085?
5, 201049217
What are the prime factors of 314694667?
7, 17, 241, 10973
List the prime factors of 220209221.
19, 139, 199, 419
List the prime factors of 495423380.
2, 5, 24771169
List the prime factors of 129465195.
3, 5, 163, 52951
List the prime factors of 3332779.
31, 107509
List the prime factors of 133864628.
2, 59, 383, 1481
List the prime factors of 900371357.
17, 37, 41, 34913
What are the prime factors of 569445861?
3, 43, 4414309
What are the prime factors of 1781363019?
3, 29, 53, 386329
What are the prime factors of 36240012?
2, 3, 101, 9967
List the prime factors of 14582773.
37, 394129
List the prime factors of 7345940325.
3, 5, 523, 187277
List the prime factors of 322065068.
2, 13, 17, 29, 739
What are the prime factors of 191569579?
191569579
What are the prime factors of 169609073?
37, 269, 17041
What are the prime factors of 1074136213?
53, 20266721
What are the prime factors of 243472325?
5, 9738893
What are the prime factors of 7123404738?
2, 3, 1187234123
List the prime factors of 117884401.
117884401
What are the prime factors of 6170276713?
6170276713
What are the prime factors of 8651513950?
2, 5, 173030279
List the prime factors of 144103229.
144103229
What are the prime factors of 165317623?
2357, 70139
List the prime factors of 156551189.
156551189
List the prime factors of 20879889.
3, 173, 40231
What are the prime factors of 416370142?
2, 19, 1613, 6793
List the prime factors of 929991090.
2, 3, 5, 7, 632647
List the prime factors of 2099405788.
2, 524851447
What are the prime factors of 18251437?
41, 445157
List the prime factors of 31021773.
3, 10340591
List the prime factors of 619012543.
223, 2775841
List the prime factors of 392193301.
389, 1008209
What are the prime factors of 309958241?
2003, 154747
List the prime factors of 24772175.
5, 990887
What are the prime factors of 20124573?
3, 7, 958313
List the prime factors of 4564722.
2, 3, 439, 1733
List the prime factors of 6035729972.
2, 59, 25575127
What are the prime factors of 361911342?
2, 3, 13, 131, 35419
List the prime factors of 60820299.
3, 2377, 2843
List the prime factors of 472143572.
2, 118035893
What are the prime factors of 49184950?
2, 5, 983699
What are the prime factors of 146797139?
146797139
What are the prime factors of 85193637?
3, 61, 109, 4271
What are the prime factors of 3478476925?
5, 7, 11, 258143
List the prime factors of 115372642.
2, 7, 11, 17, 127, 347
What are the prime factors of 8598702?
2, 3, 7, 17, 12043
List the prime factors of 380875017.
3, 1087, 116797
List the prime factors of 671280367.
47, 307, 46523
List the prime factors of 967183935.
3, 5, 73, 883273
List the prime factors of 65865004.
2, 17, 59, 16417
List the prime factors of 696207164.
2, 174051791
List the prime factors of 169295424.
2, 3, 37, 23831
List the prime factors of 46959410.
2, 5, 29, 113, 1433
What are the prime factors of 430013656?
2, 1153, 46619
What are the prime factors of 199923419?
29, 6893911
What are the prime factors of 4571115364?
2, 1142778841
List the prime factors of 255315168.
2, 3, 886511
What are the prime factors of 1892164204?
2, 7, 9653899
What are the prime factors of 682880819?
79, 8644061
List the prime factors of 275095200.
2, 3, 5, 83, 1381
List the prime factors of 1776307946.
2, 7, 126879139
What are the prime factors of 1762052816?
2, 23, 83, 57689
What are the prime factors of 1297869515?
5, 47, 127, 4348